{"id":214,"date":"2019-03-20T17:58:27","date_gmt":"2019-03-20T17:58:27","guid":{"rendered":"http:\/\/paresa.mx\/?page_id=214"},"modified":"2019-07-22T14:34:56","modified_gmt":"2019-07-22T14:34:56","slug":"lampara-con-cable","status":"publish","type":"page","link":"http:\/\/paresa.mx\/?page_id=214","title":{"rendered":"LAMPARA CON CABLE"},"content":{"rendered":"\n<div style=\"height:58px\" aria-hidden=\"true\" class=\"wp-block-spacer\"><\/div>\n\n\n\n<div class=\"wp-block-image\"><figure class=\"aligncenter is-resized\"><img loading=\"lazy\" decoding=\"async\" src=\"http:\/\/paresa.mx\/wp-content\/uploads\/2019\/03\/lampara-con-cable-producto-chico.png\" alt=\"\" class=\"wp-image-203\" width=\"300\" height=\"254\"\/><\/figure><\/div>\n\n\n\n<p style=\"color:#085c8d;font-size:22px;text-align:center\" class=\"has-text-color\"><strong>CARACTER\u00cdSTICAS<\/strong><\/p>\n\n\n\n<table class=\"wp-block-table aligncenter has-fixed-layout is-style-stripes\"><tbody><tr><td>Bater\u00eda<\/td><td>Lithium<\/td><\/tr><tr><td>Tiempo de Duraci\u00f3n <\/td><td>&gt; 15 hrs<\/td><\/tr><tr><td>Peso<\/td><td>.65 kg<\/td><\/tr><tr><td>Voltaje de Carga<\/td><td>(6~8) Volts<\/td><\/tr><tr><td>Tiempo de Carga<\/td><td>&lt; 8 hrs<\/td><\/tr><tr><td>Grado de Protecci\u00f3n <\/td><td>IP65<\/td><\/tr><tr><td>Dimensi\u00f3n de Bater\u00eda<\/td><td>105x31x120mm<\/td><\/tr><\/tbody><\/table>\n\n\n\n<div style=\"height:49px\" aria-hidden=\"true\" class=\"wp-block-spacer\"><\/div>\n\n\n\n<div class=\"wp-block-columns has-2-columns is-layout-flex wp-container-core-columns-is-layout-28f84493 wp-block-columns-is-layout-flex\">\n<div class=\"wp-block-column is-layout-flow wp-block-column-is-layout-flow\">\n<p style=\"text-align:center\"><strong>Email:&nbsp;<a href=\"mailto:mlozano@paresa.mx\">mlozano@paresa.mx&nbsp;<\/a>,&nbsp; <a href=\"mailto:marioalozano@prodigy.net.mx\">marioalozano@prodigy.net.mx<\/a><\/strong><\/p>\n<\/div>\n\n\n\n<div class=\"wp-block-column is-layout-flow wp-block-column-is-layout-flow\">\n<p style=\"text-align:center\"><strong>Email:&nbsp;<a href=\"mailto:rlozano@paresa.mx\">rlozano@paresa.mx<\/a> ,&nbsp;&nbsp;  <a href=\"mailto:marioalozano@prodigy.net.mx\">rlozanoparesa@gmail.com<\/a><\/strong><\/p>\n<\/div>\n<\/div>\n","protected":false},"excerpt":{"rendered":"<p>CARACTER\u00cdSTICAS Bater\u00eda Lithium Tiempo de Duraci\u00f3n &gt; 15 hrs Peso .65 kg Voltaje de Carga (6~8) Volts Tiempo de Carga<\/p>\n","protected":false},"author":1,"featured_media":0,"parent":0,"menu_order":0,"comment_status":"closed","ping_status":"closed","template":"","meta":{"colormag_page_container_layout":"default_layout","colormag_page_sidebar_layout":"default_layout","footnotes":""},"class_list":["post-214","page","type-page","status-publish","hentry"],"aioseo_notices":[],"_links":{"self":[{"href":"http:\/\/paresa.mx\/index.php?rest_route=\/wp\/v2\/pages\/214","targetHints":{"allow":["GET"]}}],"collection":[{"href":"http:\/\/paresa.mx\/index.php?rest_route=\/wp\/v2\/pages"}],"about":[{"href":"http:\/\/paresa.mx\/index.php?rest_route=\/wp\/v2\/types\/page"}],"author":[{"embeddable":true,"href":"http:\/\/paresa.mx\/index.php?rest_route=\/wp\/v2\/users\/1"}],"replies":[{"embeddable":true,"href":"http:\/\/paresa.mx\/index.php?rest_route=%2Fwp%2Fv2%2Fcomments&post=214"}],"version-history":[{"count":10,"href":"http:\/\/paresa.mx\/index.php?rest_route=\/wp\/v2\/pages\/214\/revisions"}],"predecessor-version":[{"id":557,"href":"http:\/\/paresa.mx\/index.php?rest_route=\/wp\/v2\/pages\/214\/revisions\/557"}],"wp:attachment":[{"href":"http:\/\/paresa.mx\/index.php?rest_route=%2Fwp%2Fv2%2Fmedia&parent=214"}],"curies":[{"name":"wp","href":"https:\/\/api.w.org\/{rel}","templated":true}]}}